mon factor of 67 and 103381.
67
What is the greatest common divisor of 2576 and 18837?
161
Calculate the highest common factor of 169362 and 47142.
1746
What is the highest common divisor of 1385 and 6057990?
1385
What is the highest common factor of 585000 and 6760?
520
What is the highest common divisor of 5162 and 6052?
178
Calculate the highest common factor of 1148 and 5992.
28
What is the highest common factor of 538483 and 11?
11
Calculate the highest common factor of 2776 and 10757.
347
Calculate the greatest common divisor of 15 and 57305.
5
What is the highest common divisor of 7075 and 11886?
283
Calculate the greatest common factor of 4066 and 114.
38
Calculate the highest common factor of 58987 and 244.
61
What is the greatest common divisor of 76844 and 12?
4
What is the highest common factor of 51478 and 70?
14
Calculate the highest common divisor of 834331 and 7903.
1129
What is the highest common factor of 1296 and 86544?
144
What is the highest common divisor of 77 and 346808?
77
Calculate the highest common factor of 4700 and 100.
100
What is the highest common divisor of 270370 and 5510?
190
Calculate the highest common factor of 9339 and 2.
1
What is the greatest common factor of 1323882 and 7?
7
What is the highest common divisor of 5083 and 493?
17
What is the highest common factor of 1775460 and 48?
12
What is the highest common factor of 21273 and 63?
21
Calculate the greatest common divisor of 140 and 11140.
20
Calculate the highest common divisor of 122 and 113.
1
What is the highest common divisor of 6456 and 11112?
24
What is the greatest common factor of 214901 and 22803?
691
What is the greatest common divisor of 882 and 918?
18
What is the greatest common factor of 1407654 and 9?
9
What is the greatest common factor of 57629 and 2449?
31
What is the highest common factor of 12 and 124116?
12
Calculate the greatest common factor of 183072 and 600.
24
Calculate the greatest common divisor of 2744549 and 74.
37
Calculate the highest common factor of 168 and 135016.
56
Calculate the highest common factor of 108 and 12780.
36
What is the highest common divisor of 13423204 and 212?
212
Calculate the greatest common divisor of 7 and 6139.
7
What is the highest common divisor of 2849 and 26825?
37
What is the highest common factor of 41792 and 320?
64
What is the highest common factor of 2106 and 17134?
26
Calculate the greatest common divisor of 41 and 141737.
41
Calculate the greatest common divisor of 13624 and 8216.
104
What is the highest common divisor of 264 and 41250?
66
Calculate the greatest common divisor of 1536041 and 793.
793
What is the greatest common divisor of 351 and 4329?
117
What is the greatest common factor of 12 and 213?
3
Calculate the greatest common divisor of 10011 and 1269.
141
What is the greatest common divisor of 163018 and 6?
2
Calculate the greatest common factor of 672 and 329322.
42
What is the highest common divisor of 88545 and 30?
15
Calculate the greatest common divisor of 3804 and 1200.
12
Calculate the highest common factor of 54 and 80136.
54
What is the greatest common factor of 9176 and 10360?
296
Calculate the greatest common factor of 2275 and 9620.
65
Calculate the highest common factor of 50745 and 255.
255
Calculate the greatest common factor of 70495 and 115.
115
What is the greatest common factor of 4777 and 17?
17
What is the highest common divisor of 84 and 48405?
21
What is the greatest common factor of 5770 and 1810?
10
Calculate the highest common factor of 274416 and 504.
24
What is the greatest common divisor of 27 and 65931?
3
What is the greatest common factor of 5445 and 53240?
605
What is the highest common factor of 2352 and 9968?
112
Calculate the highest common factor of 8221059 and 99.
99
Calculate the highest common factor of 4 and 206904.
4
Calculate the highest common divisor of 344 and 70692.
172
What is the highest common divisor of 72699 and 957?
33
Calculate the highest common factor of 311763 and 102.
51
What is the highest common divisor of 63 and 55153?
7
Calculate the highest common factor of 9847 and 164193.
229
What is the greatest common divisor of 1492 and 951523?
373
What is the highest common divisor of 65910 and 5490?
30
What is the greatest common factor of 4329740 and 20?
20
What is the highest common divisor of 142182 and 54?
54
What is the greatest common divisor of 29097 and 305?
61
What is the greatest common divisor of 1023 and 338892?
93
What is the greatest common factor of 157770 and 90?
90
Calculate the highest common divisor of 552 and 439944.
552
Calculate the highest common factor of 141 and 28388.
47
What is the highest common factor of 128472 and 106?
106
Calculate the greatest common divisor of 284 and 836.
4
What is the highest common factor of 676 and 42198?
26
What is the greatest common divisor of 338 and 716560?
338
What is the greatest common divisor of 44 and 48312?
44
What is the greatest common divisor of 96 and 59088?
48
What is the highest common factor of 320 and 42980?
20
Calculate the highest common factor of 27 and 9.
9
What is the greatest common divisor of 40 and 48584?
8
What is the highest common factor of 734 and 8?
2
Calculate the highest common divisor of 9000 and 94000.
1000
What is the highest common divisor of 8 and 298472?
8
What is the greatest common divisor of 903 and 7955?
43
What is the highest common divisor of 28836 and 13932?
324
Calculate the greatest common factor of 6162 and 5031.
39
Calculate the greatest common factor of 178305 and 15.
15
Calculate the greatest common divisor of 308300 and 100.
100
Calculate the greatest common divisor of 440 and 1168.
8
Calculate the highest common divisor of 8695 and 63455.
185
Calculate the highest common factor of 36 and 60813.
9
Calculate the greatest common divisor of 33 and 55825.
11
Calculate the greatest common divisor of 328 and 15424.
8
What is the highest common factor of 897 and 1497691?
299
What is the greatest common divisor of 292 and 1170044?
292
What is the highest common factor of 5172 and 312?
12
What is the greatest common factor of 153596 and 344?
172
What is the highest common divisor of 2720 and 106114?
34
Calculate the highest common factor of 38 and 14383.
19
What is the highest common factor of 413 and 2828?
7
Calculate the highest common factor of 26 and 31006.
2
What is the highest common divisor of 92126 and 42908?
1262
Calculate the greatest common factor of 2100670 and 33.
11
Calculate the greatest common divisor of 180 and 26100.
180
What is the greatest common divisor of 4 and 5506?
2
What is the highest common factor of 766040 and 1320?
440
Calculate the greatest common factor of 154356 and 6.
6
Calculate the highest common divisor of 68 and 1217914.
34
What is the greatest common factor of 3815 and 1715?
35
What is the highest common divisor of 1074157 and 1903?
173
Calculate the greatest common divisor of 10439 and 110539.
143
What is the highest common factor of 88128 and 17408?
1088
Calculate the highest common divisor of 98 and 539392.
98
What is the highest common divisor of 81 and 48795?
3
Calculate the highest common divisor of 515 and 8343.
103
What is the highest common factor of 840 and 16920?
120
What is the greatest common divisor of 5828 and 58156?
124
What is the highest common divisor of 1288476 and 280?
28
What is the greatest common factor of 4485 and 398130?
345
What is the greatest common divisor of 140 and 31528?
28
Calculate the greatest common factor of 1459870 and 10.
10
What is the highest common divisor of 190060 and 318716?
2924
Calculate the greatest common divisor of 3690 and 40180.
410
Calculate the highest common factor of 100017 and 108.
9
What is the greatest common factor of 102320 and 5?
5
Calculate the highest common divisor of 2922 and 1720084.
974
What is the greatest common divisor of 16891 and 680085?
889
What is the greatest common divisor of 87747 and 165?
33
What is the greatest common factor of 6411168 and 226?
226
Calculate the greatest common factor of 3416 and 168.
56
What is the highest common divisor of 6083 and 1331?
11
What is the highest common divisor of 2365 and 105479?
473
What is the highest common divisor of 51828 and 224?
28
What is the highest common 